 a prime number?
False
Is 22557278657 a composite number?
True
Is 34989859699 prime?
False
Is 29799499949 a composite number?
True
Is 60009196601 composite?
False
Is 54003861122 composite?
True
Is 10836572623 a prime number?
True
Is 13388485787 a composite number?
False
Is 4428878414 a composite number?
True
Is 2587244927 a composite number?
False
Is 2892495947 prime?
False
Is 14581296523 composite?
True
Is 10619298497 prime?
True
Is 1309881189 a composite number?
True
Is 7692738293 a prime number?
True
Is 1628939665 composite?
True
Is 26637005431 composite?
False
Is 1636439407 a composite number?
True
Is 3251666339 a composite number?
False
Is 1718795203 a composite number?
False
Is 4177278265 composite?
True
Is 15706868399 composite?
True
Is 9639871 composite?
True
Is 566264449 composite?
False
Is 69745327409 composite?
False
Is 14857711249 a composite number?
True
Is 1634185127 a prime number?
False
Is 1234789693 a composite number?
False
Is 2580294149 a composite number?
True
Is 5258994439 a prime number?
False
Is 64435849651 a composite number?
False
Is 763011967 a composite number?
True
Is 2416046573 a composite number?
False
Is 11684211377 a prime number?
False
Is 1014414691 a prime number?
True
Is 408319734439 prime?
False
Is 6067514687 a composite number?
True
Is 54230928503 prime?
True
Is 20899963837 prime?
False
Is 11556898747 composite?
False
Is 6720841621 prime?
False
Is 1364522491 a prime number?
True
Is 845457649 composite?
True
Is 88190293 composite?
True
Is 2158283689 a prime number?
True
Is 1090086847 prime?
False
Is 2390026099 prime?
True
Is 850070189 a composite number?
True
Is 102062383981 prime?
True
Is 76777387 a composite number?
True
Is 2033699611 prime?
True
Is 601573933 a composite number?
False
Is 3139832177 composite?
False
Is 3813616699 composite?
True
Is 5746540489 composite?
False
Is 15897125311 a prime number?
True
Is 9847707469 composite?
False
Is 683091511 a prime number?
True
Is 4020022199 prime?
False
Is 412797067 a composite number?
False
Is 227858453 a prime number?
True
Is 40883791 a prime number?
False
Is 5167923227 prime?
False
Is 3592968289 prime?
True
Is 7153090343 a composite number?
True
Is 509975327 composite?
True
Is 178022587 a prime number?
True
Is 15055001593 prime?
False
Is 4688548993 a composite number?
False
Is 145315919219 composite?
True
Is 682709243 prime?
True
Is 3451812577 composite?
True
Is 32669001571 composite?
False
Is 32882747 composite?
False
Is 5136515389 composite?
False
Is 62279489 a composite number?
False
Is 3423517939 a prime number?
True
Is 102779211 composite?
True
Is 10689166583 prime?
True
Is 14075594881 a composite number?
False
Is 64672855627 a prime number?
False
Is 14109415883 prime?
False
Is 132413802493 prime?
False
Is 17364979057 a composite number?
False
Is 11455465297 composite?
False
Is 29408818193 a prime number?
False
Is 1199862289 a composite number?
False
Is 5148281627 composite?
True
Is 10870524619 prime?
False
Is 43734174797 a prime number?
False
Is 36420082579 a prime number?
False
Is 2423032834 composite?
True
Is 890404841 composite?
False
Is 11900825311 composite?
False
Is 170880232723 a composite number?
True
Is 46090906165 a composite number?
True
Is 13427649061 prime?
False
Is 6169138387 a prime number?
True
Is 1156131313 prime?
False
Is 42453643 composite?
True
Is 1453538923 a composite number?
True
Is 51678431 composite?
True
Is 1089241403 prime?
False
Is 3666673733 a composite number?
True
Is 270869089 prime?
False
Is 438511111 composite?
False
Is 3344853977 composite?
False
Is 39396515507 prime?
False
Is 4871431027 prime?
False
Is 14871817273 a prime number?
False
Is 240586169 a prime number?
True
Is 96601709639 composite?
True
Is 6299942951 a composite number?
False
Is 284872309 prime?
True
Is 65488432237 a composite number?
False
Is 260714551 composite?
False
Is 55331279 prime?
True
Is 272765036437 prime?
False
Is 3620832947 a composite number?
False
Is 8610347807 a prime number?
True
Is 2729839519 prime?
False
Is 2380307647 composite?
False
Is 165809711911 a composite number?
False
Is 16856573 prime?
True
Is 5201348983 prime?
True
Is 67582265027 composite?
True
Is 198595373 composite?
False
Is 54464999935 composite?
True
Is 656513609 a prime number?
False
Is 8626982093 prime?
True
Is 309127051 prime?
True
Is 260258281 composite?
False
Is 116395376801 prime?
False
Is 1088475499 prime?
False
Is 1039377151 prime?
True
Is 363648937 prime?
True
Is 3939771179 a composite number?
True
Is 9623765033 composite?
True
Is 401007613 a prime number?
True
Is 5326088197 composite?
False
Is 5124222123 prime?
False
Is 19339368959 prime?
True
Is 12059567257 a prime number?
False
Is 11857698091 composite?
False
Is 162766213 a prime number?
False
Is 3494257177 composite?
True
Is 990701651 a prime number?
True
Is 195335614707 a composite number?
True
Is 714288947 a composite number?
True
Is 285487177 a composite number?
False
Is 31254004445 a composite number?
True
Is 107694686107 a composite number?
True
Is 57873959029 composite?
False
Is 27374598211 composite?
True
Is 589278991 a composite number?
True
Is 48216719909 a composite number?
False
Is 1931186273 a composite number?
True
Is 4096968779 prime?
False
Is 2333102263 a composite number?
True
Is 1786121459 prime?
True
Is 27253786991 composite?
False
Is 6451079001 composite?
True
Is 324578833 prime?
True
Is 109100759 prime?
True
Is 635653537 a prime number?
True
Is 29081737 a prime number?
True
Is 71253019 a prime number?
True
Is 348558149 a composite number?
True
Is 3035114833 a prime number?
True
Is 32137060673 a composite number?
True
Is 108067108571 a prime number?
True
Is 60607986973 a prime number?
True
Is 48863927687 composite?
False
Is 110263471 a composite number?
False
Is 101345914507 a prime number?
False
Is 30075276139 prime?
False
Is 245201371111 a composite number?
True
Is 3855118667 composite?
False
Is 901795121 a composite number?
False
Is 61316648021 prime?
False
Is 49578416567 prime?
False
Is 1095013859 prime?
True
Is 3369683827 prime?
False
Is 62793561 a prime number?
False
Is 199717261 prime?
True
Is 2718520549 a prime number?
True
Is 48747244199 a prime number?
False
Is 5512251293 a prime number?
True
Is 6035750243 a prime number?
False
Is 273433477 a prime number?
True
Is 734351757 composite?
True
Is 3068603203 prime?
False
Is 2484194473 a prime number?
True
Is 122714803 a composite number?
False
Is 3296338031 composite?
True
Is 73113500437 a prime number?
False
Is 13198283974 prime?
False
Is 41318477 a prime number?
False
Is 14235999403 a composite number?
False
Is 22527114574 a prime number?
False
Is 46535418861 prime?
False
Is 9672607429 prime?
True
Is 195638543 a composite number?
True
Is 1886089159 composite?
False
Is 7382578501 prime?
False
Is 106675589 a prime number?
False
Is 834653119 prime?
False
Is 578205491 composite?
False
Is 54407610583 composite?
True
Is 1257646529 composite?
False
Is 134902121 prime?
False
Is 7185355007 a composite number?
True
Is 23761356421 a composite number?
True
Is 60718611713 prime?
True
Is 4225707155 a composite number?
True
Is 5686745017 a prime number?
True
Is 14141941787 a composite number?
False
Is 109588027 a composite number?
False
Is 4173243407 composite?
False
Is 3162085571 a composite number?
True
Is 3099105161 composite?
True
Is 278775379 a composite number?
False
Is 513880291 prime?
True
Is 26641608659 a composite number?
False
Is 1013427883 a prime number?
False
Is 83128040351 a prime number?
True
Is 3031394669 prime?
True
Is 11060416199 prime?
False
Is 53349381167 prime?
True
Is 8515869157 a composite number?
True
Is 81692139671 a composite number?
False
Is 774460237 a composite number?
True
Is 2069137223 composite?
True
Is 23144464067 a prime number?
True
Is 1495572077 a prime number?
False
Is 40523945051 composite?
True
Is 2322091777 a composite number?
False
Is 13301007481 a prime number?
True
Is 2350138187 a composite number?
False
Is 872921603 a composite number?
True
Is 11725429319 prime?
False
Is 1262951191 composite?
True
Is 1311831179 a composite number?
False
Is 82490393 composite?
False
Is 41441791357 a prime number?
True
Is 3103271981 prime?
True
Is 130427302 a composite number?
True
Is 1460485581 a prime number?
False